+ (-638)/(-642)) prime?
False
Let t(v) = -8*v + 26 + 22*v - 37*v - 6*v - 16*v. Let b be 15/12*(0 + -4). Is t(b) a composite number?
False
Let f be 34/4 - ((-5)/2 - -4). Suppose -f = -5*c + 8. Suppose 0 = -c*q + 4793 - 1490. Is q a prime number?
False
Let y(w) be the first derivative of -265*w**2/2 + 38*w + 58. Is y(-5) prime?
False
Let l(i) = 436*i**2 + 14*i + 5. Let v be l(5). Let x = v - 5196. Is x composite?
False
Let h(p) = p**3 - 8*p**2 + 13*p - 4. Let s be h(6). Suppose -b = -s*b - 117. Let y = b + 200. Is y composite?
False
Suppose -203367 + 1120630 = 103*h - 1729528. Is h a prime number?
False
Suppose 29*w + 3*x + 270640 = 33*w, 5*x - 202951 = -3*w. Is w a composite number?
True
Let h = 36899 - 18066. Is h a composite number?
True
Suppose -142*o - 2041440 = -429*o + 1816127. Is o composite?
False
Let j(q) = -9*q**2 - 82*q - 6. Let x be j(-13). Suppose -3*h - d = 2162, 3608 = -5*h - 0*h - 4*d. Let p = x - h. Is p a prime number?
False
Let i = 4274 - 1113. Suppose 2*f + 2*r - 6306 = 0, 3*f - 3*r = 4*f - i. Is f prime?
False
Suppose 1262 = -j - 575. Let b = 684 - j. Is b a prime number?
True
Let n = -807310 - -1150244. Is n prime?
False
Let m be (-26)/(-104) + 3213/(-4). Let t = m - -1368. Is t prime?
False
Suppose -3*l + f - 5*f = 5, 3*f + 20 = l. Suppose -r + 71 = j + 292, -r - 209 = l*j. Let v = r - -337. Is v a prime number?
True
Let j(i) = 6*i - 4. Let o be j(1). Suppose 4*l + 0*x = 5*x - 229, 2*l + o*x + 110 = 0. Let p = 530 - l. Is p prime?
False
Suppose -11*k + 9561462 + 11023541 = 4723564. Is k prime?
True
Suppose -105*n + 8 = -103*n. Suppose -5*p + 8441 = -q + 1875, 2*p - n*q = 2630. Is p prime?
False
Suppose -9*t = -43*t + 59842006. Is t a composite number?
True
Let t(i) be the third derivative of 37*i**7/2520 - 7*i**6/720 + 7*i**5/60 + 14*i**2. Let r(m) be the third derivative of t(m). Is r(19) a prime number?
True
Suppose 4*g + j + 3532 = 0, 3*g - j + 0*j + 2656 = 0. Suppose -2*d - 5*u + 2*u - 1236 = 0, -5*d = 4*u + 3083. Let f = d - g. Is f a composite number?
False
Is ((6/5)/3)/(864/407898720) a prime number?
False
Let g(z) = 18*z**2 + 4*z + 2. Let h be g(-1). Suppose 5734 = h*q - 15*q + x, 5704 = q - 5*x. Is q a composite number?
True
Suppose 0*h + 120 = -2*h. Let u be ((-1626)/(-8))/(144/192). Let y = u + h. Is y a prime number?
True
Suppose 0 = -3*d - 7 + 85. Suppose -5*z = -3*z - d. Suppose 0 = 16*f - z*f - 231. Is f a prime number?
False
Suppose -2*u - s + 26 + 24 = 0, u - 3*s - 39 = 0. Suppose -20*q = -11*q + u. Is (-50 + ((-9)/q)/(-6))*-10 a prime number?
False
Let m(g) = 468*g**3 + 16*g**2 + 18*g - 135. Is m(4) composite?
True
Let f(s) = 3*s + 62. Let n be f(12). Suppose 5*m = -3*x + 2098, 5*m - x - 1996 = n. Is m a prime number?
True
Let h(l) = -71*l**2 + 7*l + 31. Let x(t) = 43 - 28 + 5*t - 2*t - 35*t**2. Let s(g) = 4*h(g) - 9*x(g). Is s(-4) prime?
False
Suppose 0 = -3*p + 2235 + 2283. Suppose -9*l - 12*l = -10*l. Suppose l = -4*o - 2*o + p. Is o composite?
False
Let r = 44 - 44. Suppose 27*t - 7*t - 58660 = r. Is t prime?
False
Let v be 64/(-80)*15/(-3). Suppose 4*g = -0*g + 12, v*g - 22365 = -3*i. Is i a prime number?
True
Let s(r) = 19 - 3*r - 4*r**3 + 92*r**2 - 173*r**2 - 19*r**3 + 83*r**2. Is s(-5) prime?
False
Suppose -5*v + 6348 = 4*f - v, 3176 = 2*f + 3*v. Suppose 48*o - 2*o = 9200. Let r = f - o. Is r a prime number?
False
Let h(r) = -5*r**3 - 11*r**2 + 14*r + 18. Let i be h(-6). Let k = 997 - i. Is k prime?
True
Let h(l) = -5*l**2 - 99*l - 431. Let d(p) = -2*p**2 - 49*p - 216. Let y(m) = 9*d(m) - 4*h(m). Is y(-41) prime?
True
Suppose -6*v = 2*v - 296. Suppose -14 = 30*w - v*w. Suppose -w*t + 4417 = 5*t. Is t composite?
False
Suppose 0 = i - 2*j + 14, 0*j = -4*i - 5*j - 4. Let p be ((-1298)/(-6) + -3)*i/(-4). Is (-1)/(3 - (p/53)/2) composite?
False
Let u = 31 - 25. Let y be (16/20)/(-3*(-2)/15). Suppose f = -y*m + 827, 2*f + 1666 = -2*m + u*m. Is m a composite number?
True
Suppose 8175 = -2*s + 3*p - 970, 2*p - 6 = 0. Let c = -2469 - s. Is c a composite number?
False
Let o(t) = -8*t**2 - 23*t + 13. Let d(x) = x**2 + 6 - 6*x**2 - 11*x + 0*x**2 + x**2. Let m(s) = -7*d(s) + 3*o(s). Is m(-6) prime?
False
Let z be ((-22)/(-6))/((-6)/(-18)). Suppose -12*d + z*d = 4*p - 8208, 3*p = d + 6149. Is p a composite number?
True
Let q = 84 - 79. Is (1/(-3))/((25/(-16485))/q) composite?
True
Suppose 0 = -12*c + 18*c - 32916. Let a = 8325 + c. Is a prime?
False
Is (-2 - 414660/24)*-2 a prime number?
False
Let p = -128219 + 223726. Is p a prime number?
True
Let x = -11009 - -5374. Let q = x - -8414. Is q composite?
True
Suppose t - 5*j = -2*t + 4154, -j + 4166 = 3*t. Let d = t + 8375. Is d prime?
False
Suppose -2*y = 4*u - 10096, 0 = -y + 3*u + 503 + 4555. Let o = 9559 - y. Is o prime?
True
Suppose d - 21219 = -5*k + 39412, 0 = -d - 4. Is k a prime number?
False
Let n = -223025 - -677460. Is n a prime number?
False
Let d(q) be the first derivative of -31689*q**2 - 47*q + 34. Is d(-1) prime?
True
Suppose 14252914 = -151*x + 177*x. Is x prime?
True
Suppose -80 = -b + 35. Suppose -q = b - 115. Suppose 14*i - 34865 - 37921 = q. Is i a composite number?
True
Let z(a) be the first derivative of 174*a**3 + 3*a**2/2 + 10*a + 123. Is z(-3) prime?
False
Let g(a) = a**2 - 24*a + 28. Let p be g(15). Let y = 466 + -268. Let c = p + y. Is c a composite number?
True
Let k(p) = -46*p + 4079. Let r be k(108). Suppose -3*q = 3*h - 18, -5*q = -3*h - 10 - 12. Is (q/(-1))/(3 - (-2674)/r) composite?
True
Let l be (-6)/30 - 226392/80*2. Suppose o + 5 + 3 = 0. Is l/o + (-3)/(-2) a prime number?
True
Let v(p) = -6*p + 52. Let t be v(5). Let k be ((-33)/t)/(6/(-16)). Suppose -1074 = -k*x + d, 4*x - x = -2*d + 811. Is x composite?
False
Let v(h) = 8573*h**2 - 323*h - 1953. Is v(-6) prime?
False
Let m(v) = v**2 - 8*v - 7. Let f be m(-1). Is f*1*(-5)/((-30)/5403) a prime number?
True
Let l be ((-21)/(-14))/((-1)/(-254)). Suppose -2*t + 185 = -l. Let f = 48 + t. Is f composite?
False
Let n = -189 - -194. Is 2 - (6 - 4101)/n composite?
False
Let i be 49*3/9 - (-4)/6. Suppose 4 = 2*g, -3*g + 4*g - i = -5*j. Suppose -1394 = -2*x - j*d, 0 = -5*x + 7*d - 6*d + 3451. Is x prime?
True
Let a = 259 + -258. Suppose -5 + a = f, 5*j = -4*f + 11649. Is j a prime number?
True
Suppose r = 12 - 9. Is (-144844)/(-42) + 1/r a composite number?
False
Suppose -2*d = 21*d + 5*d - 900956. Is d a prime number?
False
Let d = 193 + -190. Suppose 2483 = q + 4*j, -d*q + 6*q = -3*j + 7494. Is q a prime number?
True
Suppose -432802 = -10*t + 441928. Is t a composite number?
False
Suppose -4*f - 5708 = -1200. Let b = f + 692. Let s = b + 1014. Is s composite?
True
Let j = 73 - 60. Let x = j + -14. Is 1/1 - (-201 + 2 + x) composite?
True
Is 24031/(91/(-14)*14/(-91)) a prime number?
False
Suppose -13*u - 7 = 32. Let i(v) = -59*v**3 + 5*v**2 - 2*v - 5. Is i(u) composite?
True
Let g(u) = -1512*u**2 - 11*u - 30. Let d be g(-5). Is 3/((-55)/d*-2747 - -4) composite?
True
Let z(y) = 900*y**2 + 120*y - 7. Is z(4) a composite number?
True
Suppose -m + 5202 = 4*b, -4*b - 4647 = -2*m + 5697. Suppose y - 4*s + m = 3*y, -y - 4*s = -2597. Suppose j = 6*j - y. Is j composite?
True
Let q be (2 + 7900)*10/20. Let n = 5891 - q. Let h = n - 1078. Is h a prime number?
False
Suppose 5*y = -2*v, -v = -0*v + y. Suppose -5*q - 4*a - 23 = 0, v = -2*q + 4*q - 2*a + 2. Is 1/(q*(-3)/5679) a prime number?
True
Is ((-1278506)/(-12))/((-13)/(-78)) prime?
True
Let a be (3 - (-99)/(-121)) + (-2)/11. Suppose w - a*c = -c + 15911, 4*w = 5*c + 63644. Is w prime?
False
Let k = -24 - -24. Let h be 102/34 + k/(-2). Is (h - 8) + (2 - -4714) prime?
False
Suppose 5*d - 9 = 2*d. Suppose 4*l - 41 = -d*w, 0 = 2*l - w + 5*w - 8. Let h = 63 + l. Is h composite?
True
Let t(m) = 2*m + 2. Let r be t(0). Suppose 0 = r*c + 3*v - 72, 0 = -4*c - v + 169 - 5. Suppose 0 = u - 41 - c. Is u a composite number?
False
Suppose q + o = 2204, -3*q + 2*o = 1264 - 7871. Suppose -29*r = -28*r - q. Is r a composite number?
False
Let j(n) = -n**3 - 4*n**2 - 3*n. Let z be j(-3). Suppose z*r = -4*r + 20. Let y(q) = 25*q**2 + 6*q + 7. Is y(r) a prime number?
False
Let w be ((-16)/12)/((-1)/3) - -11. Suppose -77964 = -w*x - 16374. Is x a composite number?
True
Let w(l) = -l**3 + 40*l**2 - 3*l + 15. Let q be w(30). Let n = q + -4154. Is n a composit